{"id":21,"date":"2018-03-12T09:31:28","date_gmt":"2018-03-12T08:31:28","guid":{"rendered":"http:\/\/charge4c.de\/?page_id=21"},"modified":"2019-12-15T20:41:00","modified_gmt":"2019-12-15T19:41:00","slug":"partner","status":"publish","type":"page","link":"https:\/\/charge4c.de\/?page_id=21","title":{"rendered":"Partner"},"content":{"rendered":"\n<div class=\"wp-block-group\"><div class=\"wp-block-group__inner-container is-layout-flow wp-block-group-is-layout-flow\">\n<table border=\"0\">\n<tbody>\n<tr>\n<td width=\"150\"><a href=\"http:\/\/charge4c.de\/wp-content\/uploads\/2018\/03\/ampido_logo.jpg\"><img loading=\"lazy\" decoding=\"async\" class=\"alignnone size-full wp-image-76\" src=\"http:\/\/charge4c.de\/wp-content\/uploads\/2018\/03\/ampido_logo.jpg\" alt=\"\" width=\"201\" height=\"42\" \/><\/a><\/td>\n<td>\n<p><span style=\"display: inline !important; float: none; background-color: #ffffff; color: #444444; cursor: text; font-family: 'Open Sans',Helvetica,Arial,sans-serif; font-size: 14px; font-style: normal; font-variant: normal; font-weight: 400; letter-spacing: normal; orphans: 2; text-align: left; text-decoration: none; text-indent: 0px; text-transform: none; -webkit-text-stroke-width: 0px; white-space: normal; word-spacing: 0px;\">ampido wurde 2012 als digitaler Marktplatz f\u00fcr die Einbindung aller Arten von Parkpl\u00e4tzen gegr\u00fcndet. Per App, Webseite oder sogar telefonisch k\u00f6nnen Stellpl\u00e4tze reserviert und bezahlt werden. Die Bandbreite reicht von B\u00fcrgern, die ihren privaten Parkplatz zu Hause teilen, w\u00e4hrend sie selbst z.B. bei der Arbeit sind und diesen selbst nicht ben\u00f6tigen. Bis hin zu professionellen Anbietern, die ihre Tiefgaragen und Parkh\u00e4user \u00fcber ampido verwalten oder Kommunen, welches ampido ebenfalls als \u00fcbergreifendes System zum Parkplatzmanagement nutzen k\u00f6nnen. Neben dem Deutschland \u2013 Land der Ideen Preis, hat ampido zahlreiche weitere Auszeichnungen erhalten und erm\u00f6glicht eine massive CO<\/span><sub>2<\/sub><span style=\"display: inline !important; float: none; background-color: #ffffff; color: #444444; cursor: text; font-family: 'Open Sans',Helvetica,Arial,sans-serif; font-size: 14px; font-style: normal; font-variant: normal; font-weight: 400; letter-spacing: normal; orphans: 2; text-align: left; text-decoration: none; text-indent: 0px; text-transform: none; -webkit-text-stroke-width: 0px; white-space: normal; word-spacing: 0px;\">-Reduktion durch Vermeidung unn\u00f6tiger Parkplatzsuche.<\/span><\/p>\n<\/td>\n<\/tr>\n<tr>\n<td><a href=\"http:\/\/charge4c.de\/wp-content\/uploads\/2018\/03\/dfki-logo.jpg\"><img loading=\"lazy\" decoding=\"async\" class=\"alignnone size-full wp-image-79\" src=\"http:\/\/charge4c.de\/wp-content\/uploads\/2018\/03\/dfki-logo.jpg\" alt=\"\" width=\"226\" height=\"48\" \/><\/a><\/td>\n<td><span style=\"display: inline !important; float: none; background-color: #ffffff; color: #444444; cursor: text; font-family: 'Open Sans',Helvetica,Arial,sans-serif; font-size: 14px; font-style: normal; font-variant: normal; font-weight: 400; letter-spacing: normal; orphans: 2; text-align: left; text-decoration: none; text-indent: 0px; text-transform: none; -webkit-text-stroke-width: 0px; white-space: normal; word-spacing: 0px;\">Das Deutsche Forschungszentrum f\u00fcr K\u00fcnstliche Intelligenz (DFKI) GmbH ist auf dem Gebiet innovativer Softwaretechnologien die f\u00fchrende wirtschaftsnahe Forschungseinrichtung in Deutschland. In der internationalen Wissenschaftswelt z\u00e4hlt das DFKI zu den weltweit wichtigsten \u201eCenters of Excellence\u201c. 1988 gegr\u00fcndet hat sich das DFKI durch proaktive und bedarfsorientierte Projektarbeit national und international den Ruf eines kompetenten und zuverl\u00e4ssigen Partners f\u00fcr Innovationen in der Wirtschaft erworben. Technisch-wissenschaftlicher Leiter und Vorsitzender der Gesch\u00e4ftsf\u00fchrung der DFKI GmbH ist Prof. Dr. Dr. h.c. mult. Wolfgang Wahlster. Er ist Mitglied der Forschungsunion der Bundesregierung und wurde von der Europ\u00e4ischen Kommission als einziger Informatiker aus Deutsch\u00adland in das h\u00f6chste Beratungsgremium zum Internet der Zukunft berufen. Aktuell besch\u00e4ftigt das DFKI 685 Mitarbeiter (413 hauptberufliche und 272 nebenberufliche Mitarbeiter). Zum Kreis der Industrie\u00adgesellschafter des DFKI geh\u00f6ren unter anderem: Daimler AG, Deutsche Telekom AG, SAP AG, IDS Scheer AG, Attensity Europe GmbH, Microsoft Deutschland GmbH, Deutsche Post AG, BMW AG, Deutsche Messe AG, EADS Astrium GmbH, Intel Coproration, Ricoh Ltd, John Deere sowie die VSE (teilweise \u00fcber Beteiligungsgesellschaften).<\/span><\/td>\n<\/tr>\n<tr>\n<td><a href=\"http:\/\/charge4c.de\/wp-content\/uploads\/2018\/03\/hakisa-logo.jpg\"><img loading=\"lazy\" decoding=\"async\" class=\"alignnone size-full wp-image-80\" src=\"http:\/\/charge4c.de\/wp-content\/uploads\/2018\/03\/hakisa-logo.jpg\" alt=\"\" width=\"223\" height=\"46\" \/><\/a><\/td>\n<td>\n<p><span style=\"display: inline !important; float: none; background-color: #ffffff; color: #444444; cursor: text; font-family: 'Open Sans',Helvetica,Arial,sans-serif; font-size: 14px; font-style: normal; font-variant: normal; font-weight: 400; letter-spacing: normal; orphans: 2; text-align: left; text-decoration: none; text-indent: 0px; text-transform: none; -webkit-text-stroke-width: 0px; white-space: normal; word-spacing: 0px;\">Hakisa entwickelt innovative L\u00f6sungen, die Menschen, Services und das Internet der Dinge verbinden. Die gesamten Hakisa L\u00f6sungen basieren auf einer skalierbaren und sicheren, in der Cloud gehosteten Technologie, die auf allen verbundenen Ger\u00e4ten verf\u00fcgbar ist und \u00fcber API Schnittstellen verf\u00fcgt. Mit seiner Hub Technologie verleiht Hakisa intelligenten Objekten eine soziale Dimension und erleichtert die Organisation des Alltags von Endnutzern. Als Business-to-Business-to-Consumer Anbieter, fokussiert sich Hakisa auf drei wesentliche Bereiche: Smart Home, Smart Care und Smart Services. Der Mehrwert der Hakisa Business-L\u00f6sungen liegt in der Schaffung einer privilegierten Beziehung zu Kunden \u00fcber eine einfache und benutzerfreundliche Oberfl\u00e4che. Business-Kunden verf\u00fcgen \u00fcber eine Administrations Oberfl\u00e4che zur Visualisierung der Aktivit\u00e4t der Communitys, Personalisierung der User-Experience, Einbindung von Contents und Services und zur Interaktion mit Kunden.<\/span><\/p>\n<p><span style=\"display: inline !important; float: none; background-color: #ffffff; color: #444444; cursor: text; font-family: 'Open Sans',Helvetica,Arial,sans-serif; font-size: 14px; font-style: normal; font-variant: normal; font-weight: 400; letter-spacing: normal; orphans: 2; text-align: left; text-decoration: none; text-indent: 0px; text-transform: none; -webkit-text-stroke-width: 0px; white-space: normal; word-spacing: 0px;\">Das Unternehmen wurde 2011 nahe der deutsch-franz\u00f6sischen Grenze gegr\u00fcndet und kooperiert mit verschiedenen Partnern in Europa.<\/span><\/p>\n<\/td>\n<\/tr>\n<tr>\n<td><a href=\"http:\/\/charge4c.de\/wp-content\/uploads\/2018\/03\/swsls-logo.jpg\"><img loading=\"lazy\" decoding=\"async\" class=\"alignnone size-full wp-image-81\" src=\"http:\/\/charge4c.de\/wp-content\/uploads\/2018\/03\/swsls-logo.jpg\" alt=\"\" width=\"225\" height=\"62\" \/><\/a><\/td>\n<td><span style=\"display: inline !important; float: none; background-color: #ffffff; color: #444444; cursor: text; font-family: 'Open Sans',Helvetica,Arial,sans-serif; font-size: 14px; font-style: normal; font-variant: normal; font-weight: 400; letter-spacing: normal; orphans: 2; text-align: left; text-decoration: none; text-indent: 0px; text-transform: none; -webkit-text-stroke-width: 0px; white-space: normal; word-spacing: 0px;\">Die Stadtwerke Saarlouis sind seit 1989 eine GmbH und besch\u00e4ftigen derzeit etwa 90 Mitarbeiter. Sie versorgen die aus 8 Stadtteilen bestehende Kreisstadt Saarlouis mit ihren ca. 38.000 Einwohnern mit Strom, Erdgas, Trinkwasser und Telekommunikationsl\u00f6sungen. Anteilseigner sind die Stadt Saarlouis (51%) und die energis GmbH (49%). Im Stadtteil Saarlouis-Steinrausch sind sie zudem \u00fcber die fws Fernw\u00e4rme Saarlouis- Steinrausch GmbH &amp; Co. KG an der Fernw\u00e4rmeversorgung beteiligt. Die Stadt\u00adwerke Saarlouis erarbeitete bereits im BMWi F\u00f6rderprojekt PeerEnergyCloud gemeinsam mit Konsortial\u00adpartnern aus Wirtschaft und Wissenschaft sichere, informationstechnisch gest\u00fctzte L\u00f6sungen f\u00fcr die intelligente Nutzung von erneuerbaren Energien.<\/span><\/td>\n<\/tr>\n<tr>\n<td>\u00a0<\/td>\n<td width=\"484\">\u00a0<\/td>\n<\/tr>\n<\/tbody>\n<\/table>\n<\/div><\/div>\n","protected":false},"excerpt":{"rendered":"<p>ampido wurde 2012 als digitaler Marktplatz f\u00fcr die Einbindung aller Arten von Parkpl\u00e4tzen gegr\u00fcndet. Per App, Webseite oder sogar telefonisch k\u00f6nnen Stellpl\u00e4tze reserviert und bezahlt werden. Die Bandbreite reicht von B\u00fcrgern, die ihren privaten Parkplatz zu Hause teilen, w\u00e4hrend sie selbst z.B. bei der Arbeit sind und diesen selbst nicht ben\u00f6tigen. Bis hin zu professionellen [&hellip;]<\/p>\n","protected":false},"author":1,"featured_media":0,"parent":0,"menu_order":0,"comment_status":"closed","ping_status":"closed","template":"","meta":{"footnotes":""},"class_list":["post-21","page","type-page","status-publish","hentry"],"_links":{"self":[{"href":"https:\/\/charge4c.de\/index.php?rest_route=\/wp\/v2\/pages\/21","targetHints":{"allow":["GET"]}}],"collection":[{"href":"https:\/\/charge4c.de\/index.php?rest_route=\/wp\/v2\/pages"}],"about":[{"href":"https:\/\/charge4c.de\/index.php?rest_route=\/wp\/v2\/types\/page"}],"author":[{"embeddable":true,"href":"https:\/\/charge4c.de\/index.php?rest_route=\/wp\/v2\/users\/1"}],"replies":[{"embeddable":true,"href":"https:\/\/charge4c.de\/index.php?rest_route=%2Fwp%2Fv2%2Fcomments&post=21"}],"version-history":[{"count":15,"href":"https:\/\/charge4c.de\/index.php?rest_route=\/wp\/v2\/pages\/21\/revisions"}],"predecessor-version":[{"id":162,"href":"https:\/\/charge4c.de\/index.php?rest_route=\/wp\/v2\/pages\/21\/revisions\/162"}],"wp:attachment":[{"href":"https:\/\/charge4c.de\/index.php?rest_route=%2Fwp%2Fv2%2Fmedia&parent=21"}],"curies":[{"name":"wp","href":"https:\/\/api.w.org\/{rel}","templated":true}]}}

<div class="wp-block-group"><div class="wp-block-group__inner-container is-layout-flow wp-block-group-is-layout-flow">
<table border="0">
<tbody>
<tr>
<td width="150"><a href="http://charge4c.de/wp-content/uploads/2018/03/ampido_logo.jpg"><img loading="lazy" decoding="async" class="alignnone size-full wp-image-76" src="http://charge4c.de/wp-content/uploads/2018/03/ampido_logo.jpg" alt="" width="201" height="42" /></a></td>
<td>
<p><span style="display: inline !important; float: none; background-color: #ffffff; color: #444444; cursor: text; font-family: 'Open Sans',Helvetica,Arial,sans-serif; font-size: 14px; font-style: normal; font-variant: normal; font-weight: 400; letter-spacing: normal; orphans: 2; text-align: left; text-decoration: none; text-indent: 0px; text-transform: none; -webkit-text-stroke-width: 0px; white-space: normal; word-spacing: 0px;">ampido wurde 2012 als digitaler Marktplatz für die Einbindung aller Arten von Parkplätzen gegründet. Per App, Webseite oder sogar telefonisch können Stellplätze reserviert und bezahlt werden. Die Bandbreite reicht von Bürgern, die ihren privaten Parkplatz zu Hause teilen, während sie selbst z.B. bei der Arbeit sind und diesen selbst nicht benötigen. Bis hin zu professionellen Anbietern, die ihre Tiefgaragen und Parkhäuser über ampido verwalten oder Kommunen, welches ampido ebenfalls als übergreifendes System zum Parkplatzmanagement nutzen können. Neben dem Deutschland – Land der Ideen Preis, hat ampido zahlreiche weitere Auszeichnungen erhalten und ermöglicht eine massive CO</span><sub>2</sub><span style="display: inline !important; float: none; background-color: #ffffff; color: #444444; cursor: text; font-family: 'Open Sans',Helvetica,Arial,sans-serif; font-size: 14px; font-style: normal; font-variant: normal; font-weight: 400; letter-spacing: normal; orphans: 2; text-align: left; text-decoration: none; text-indent: 0px; text-transform: none; -webkit-text-stroke-width: 0px; white-space: normal; word-spacing: 0px;">-Reduktion durch Vermeidung unnötiger Parkplatzsuche.</span></p>
</td>
</tr>
<tr>
<td><a href="http://charge4c.de/wp-content/uploads/2018/03/dfki-logo.jpg"><img loading="lazy" decoding="async" class="alignnone size-full wp-image-79" src="http://charge4c.de/wp-content/uploads/2018/03/dfki-logo.jpg" alt="" width="226" height="48" /></a></td>
<td><span style="display: inline !important; float: none; background-color: #ffffff; color: #444444; cursor: text; font-family: 'Open Sans',Helvetica,Arial,sans-serif; font-size: 14px; font-style: normal; font-variant: normal; font-weight: 400; letter-spacing: normal; orphans: 2; text-align: left; text-decoration: none; text-indent: 0px; text-transform: none; -webkit-text-stroke-width: 0px; white-space: normal; word-spacing: 0px;">Das Deutsche Forschungszentrum für Künstliche Intelligenz (DFKI) GmbH ist auf dem Gebiet innovativer Softwaretechnologien die führende wirtschaftsnahe Forschungseinrichtung in Deutschland. In der internationalen Wissenschaftswelt zählt das DFKI zu den weltweit wichtigsten „Centers of Excellence“. 1988 gegründet hat sich das DFKI durch proaktive und bedarfsorientierte Projektarbeit national und international den Ruf eines kompetenten und zuverlässigen Partners für Innovationen in der Wirtschaft erworben. Technisch-wissenschaftlicher Leiter und Vorsitzender der Geschäftsführung der DFKI GmbH ist Prof. Dr. Dr. h.c. mult. Wolfgang Wahlster. Er ist Mitglied der Forschungsunion der Bundesregierung und wurde von der Europäischen Kommission als einziger Informatiker aus Deutsch­land in das höchste Beratungsgremium zum Internet der Zukunft berufen. Aktuell beschäftigt das DFKI 685 Mitarbeiter (413 hauptberufliche und 272 nebenberufliche Mitarbeiter). Zum Kreis der Industrie­gesellschafter des DFKI gehören unter anderem: Daimler AG, Deutsche Telekom AG, SAP AG, IDS Scheer AG, Attensity Europe GmbH, Microsoft Deutschland GmbH, Deutsche Post AG, BMW AG, Deutsche Messe AG, EADS Astrium GmbH, Intel Coproration, Ricoh Ltd, John Deere sowie die VSE (teilweise über Beteiligungsgesellschaften).</span></td>
</tr>
<tr>
<td><a href="http://charge4c.de/wp-content/uploads/2018/03/hakisa-logo.jpg"><img loading="lazy" decoding="async" class="alignnone size-full wp-image-80" src="http://charge4c.de/wp-content/uploads/2018/03/hakisa-logo.jpg" alt="" width="223" height="46" /></a></td>
<td>
<p><span style="display: inline !important; float: none; background-color: #ffffff; color: #444444; cursor: text; font-family: 'Open Sans',Helvetica,Arial,sans-serif; font-size: 14px; font-style: normal; font-variant: normal; font-weight: 400; letter-spacing: normal; orphans: 2; text-align: left; text-decoration: none; text-indent: 0px; text-transform: none; -webkit-text-stroke-width: 0px; white-space: normal; word-spacing: 0px;">Hakisa entwickelt innovative Lösungen, die Menschen, Services und das Internet der Dinge verbinden. Die gesamten Hakisa Lösungen basieren auf einer skalierbaren und sicheren, in der Cloud gehosteten Technologie, die auf allen verbundenen Geräten verfügbar ist und über API Schnittstellen verfügt. Mit seiner Hub Technologie verleiht Hakisa intelligenten Objekten eine soziale Dimension und erleichtert die Organisation des Alltags von Endnutzern. Als Business-to-Business-to-Consumer Anbieter, fokussiert sich Hakisa auf drei wesentliche Bereiche: Smart Home, Smart Care und Smart Services. Der Mehrwert der Hakisa Business-Lösungen liegt in der Schaffung einer privilegierten Beziehung zu Kunden über eine einfache und benutzerfreundliche Oberfläche. Business-Kunden verfügen über eine Administrations Oberfläche zur Visualisierung der Aktivität der Communitys, Personalisierung der User-Experience, Einbindung von Contents und Services und zur Interaktion mit Kunden.</span></p>
<p><span style="display: inline !important; float: none; background-color: #ffffff; color: #444444; cursor: text; font-family: 'Open Sans',Helvetica,Arial,sans-serif; font-size: 14px; font-style: normal; font-variant: normal; font-weight: 400; letter-spacing: normal; orphans: 2; text-align: left; text-decoration: none; text-indent: 0px; text-transform: none; -webkit-text-stroke-width: 0px; white-space: normal; word-spacing: 0px;">Das Unternehmen wurde 2011 nahe der deutsch-französischen Grenze gegründet und kooperiert mit verschiedenen Partnern in Europa.</span></p>
</td>
</tr>
<tr>
<td><a href="http://charge4c.de/wp-content/uploads/2018/03/swsls-logo.jpg"><img loading="lazy" decoding="async" class="alignnone size-full wp-image-81" src="http://charge4c.de/wp-content/uploads/2018/03/swsls-logo.jpg" alt="" width="225" height="62" /></a></td>
<td><span style="display: inline !important; float: none; background-color: #ffffff; color: #444444; cursor: text; font-family: 'Open Sans',Helvetica,Arial,sans-serif; font-size: 14px; font-style: normal; font-variant: normal; font-weight: 400; letter-spacing: normal; orphans: 2; text-align: left; text-decoration: none; text-indent: 0px; text-transform: none; -webkit-text-stroke-width: 0px; white-space: normal; word-spacing: 0px;">Die Stadtwerke Saarlouis sind seit 1989 eine GmbH und beschäftigen derzeit etwa 90 Mitarbeiter. Sie versorgen die aus 8 Stadtteilen bestehende Kreisstadt Saarlouis mit ihren ca. 38.000 Einwohnern mit Strom, Erdgas, Trinkwasser und Telekommunikationslösungen. Anteilseigner sind die Stadt Saarlouis (51%) und die energis GmbH (49%). Im Stadtteil Saarlouis-Steinrausch sind sie zudem über die fws Fernwärme Saarlouis- Steinrausch GmbH &amp; Co. KG an der Fernwärmeversorgung beteiligt. Die Stadt­werke Saarlouis erarbeitete bereits im BMWi Förderprojekt PeerEnergyCloud gemeinsam mit Konsortial­partnern aus Wirtschaft und Wissenschaft sichere, informationstechnisch gestützte Lösungen für die intelligente Nutzung von erneuerbaren Energien.</span></td>
</tr>
<tr>
<td> </td>
<td width="484"> </td>
</tr>
</tbody>
</table>
</div></div>

<p>ampido wurde 2012 als digitaler Marktplatz für die Einbindung aller Arten von Parkplätzen gegründet. Per App, Webseite oder sogar telefonisch können Stellplätze reserviert und bezahlt werden. Die Bandbreite reicht von Bürgern, die ihren privaten Parkplatz zu Hause teilen, während sie selbst z.B. bei der Arbeit sind und diesen selbst nicht benötigen. Bis hin zu professionellen [&hellip;]</p>
