{"id":86,"date":"2018-03-12T12:02:04","date_gmt":"2018-03-12T11:02:04","guid":{"rendered":"http:\/\/charge4c.de\/?page_id=86"},"modified":"2020-11-20T18:17:21","modified_gmt":"2020-11-20T17:17:21","slug":"aktuell","status":"publish","type":"page","link":"https:\/\/charge4c.de\/?page_id=86","title":{"rendered":"Aktuell"},"content":{"rendered":"<p>17.-18.11.2020<br \/>\nTag der digitalen Technologien, online<\/p>\n<p>12.05.2020<br \/>\nK\u00fcnstliche Intelligenz als Turbo f\u00fcr die zweite Digitalisierungswelle,<\/p>\n<p>22.01.2020<br \/>\nBlog &#8211; Artikel Statustreffen vom 17.01.2020 mit DLR<\/p>\n<p><span style=\"display: inline !important; float: none; background-color: #ffffff; color: #444444; font-family: 'Open Sans',Helvetica,Arial,sans-serif; font-size: 100%; font-style: normal; font-variant: normal; font-weight: 400; letter-spacing: normal; orphans: 2; text-align: left; text-decoration: none; text-indent: 0px; text-transform: none; -webkit-text-stroke-width: 0px; white-space: normal; word-spacing: 0px;\">29.-30.10.2019<br \/>\n<\/span><span style=\"display: inline !important; float: none; background-color: #ffffff; color: #444444; font-family: 'Open Sans',Helvetica,Arial,sans-serif; font-size: 100%; font-style: normal; font-variant: normal; font-weight: 400; letter-spacing: normal; orphans: 2; text-align: left; text-decoration: none; text-indent: 0px; text-transform: none; -webkit-text-stroke-width: 0px; white-space: normal; word-spacing: 0px;\">charge4C-Vorstellung auf dem Digital X in K\u00f6ln<\/span><\/p>\n<p><span style=\"display: inline !important; float: none; background-color: #ffffff; color: #444444; font-family: 'Open Sans',Helvetica,Arial,sans-serif; font-size: 100%; font-style: normal; font-variant: normal; font-weight: 400; letter-spacing: normal; orphans: 2; text-align: left; text-decoration: none; text-indent: 0px; text-transform: none; -webkit-text-stroke-width: 0px; white-space: normal; word-spacing: 0px;\">15.-17.10.2019<br \/>\n<\/span><span style=\"display: inline !important; float: none; background-color: #ffffff; color: #444444; font-family: 'Open Sans',Helvetica,Arial,sans-serif; font-size: 100%; font-style: normal; font-variant: normal; font-weight: 400; letter-spacing: normal; orphans: 2; text-align: left; text-decoration: none; text-indent: 0px; text-transform: none; -webkit-text-stroke-width: 0px; white-space: normal; word-spacing: 0px;\">charge4C-Vorstellung auf der Messe: Emove360\u00b0 in M\u00fcnchen<\/span><\/p>\n<p><span style=\"display: inline !important; float: none; background-color: #ffffff; color: #444444; cursor: text; font-family: 'Open Sans',Helvetica,Arial,sans-serif; font-size: 14px; font-style: normal; font-variant: normal; font-weight: 400; letter-spacing: normal; orphans: 2; text-align: left; text-decoration: none; text-indent: 0px; text-transform: none; -webkit-text-stroke-width: 0px; white-space: normal; word-spacing: 0px;\">02.10.2019<br \/>\n<\/span><span style=\"display: inline !important; float: none; background-color: #ffffff; color: #444444; cursor: text; font-family: 'Open Sans',Helvetica,Arial,sans-serif; font-size: 14px; font-style: normal; font-variant: normal; font-weight: 400; letter-spacing: normal; orphans: 2; text-align: left; text-decoration: none; text-indent: 0px; text-transform: none; -webkit-text-stroke-width: 0px; white-space: normal; word-spacing: 0px;\"><span style=\"display: inline !important; float: none; background-color: #ffffff; color: #444444; font-family: 'Open Sans',Helvetica,Arial,sans-serif; font-size: 100%; font-style: normal; font-variant: normal; font-weight: 400; letter-spacing: normal; orphans: 2; text-align: left; text-decoration: none; text-indent: 0px; text-transform: none; -webkit-text-stroke-width: 0px; white-space: normal; word-spacing: 0px;\">9. LIESA Kongress, Kongresshalle Saarbr\u00fccken<\/span><\/span><\/p>\n<p>26.02.2019<br \/>\n<span style=\"display: inline !important; float: none; background-color: #ffffff; color: #444444; cursor: text; font-family: 'Open Sans',Helvetica,Arial,sans-serif; font-size: 14px; font-style: normal; font-variant: normal; font-weight: 400; letter-spacing: normal; orphans: 2; text-align: left; text-decoration: none; text-indent: 0px; text-transform: none; -webkit-text-stroke-width: 0px; white-space: normal; word-spacing: 0px;\">charge4C-Vorstellung auf dem <span style=\"display: inline !important; float: none; background-color: #ffffff; color: #444444; font-family: 'Open Sans',Helvetica,Arial,sans-serif; font-size: 100%; font-style: normal; font-variant: normal; font-weight: 400; letter-spacing: normal; orphans: 2; text-align: left; text-decoration: none; text-indent: 0px; text-transform: none; -webkit-text-stroke-width: 0px; white-space: normal; word-spacing: 0px;\">Immobilienkongress K\u00f6ln<\/span><\/span><\/p>\n<p>29.10.2018<br \/>\ncharge4C-Vorstellung auf dem 5. LIESA Kongress, Kongresshalle Saarbr\u00fccken<\/p>\n<p>13.04.2018<br \/>\nEnjeux pour le futur de l&#8217;\u00e9nergie et de la mobilt\u00e9 \u00e8lectrique; CFALOR &#8211; Konferenz, Metz<\/p>\n<p>19.03.2018<br \/>\ncharge4C-KickOff mit dem Projekttr\u00e4ger DLR am 19. M\u00e4rz bei den \u00f6rtlichen Stadtwerken in Saarlouis.<\/p>\n","protected":false},"excerpt":{"rendered":"<p>17.-18.11.2020 Tag der digitalen Technologien, online 12.05.2020 K\u00fcnstliche Intelligenz als Turbo f\u00fcr die zweite Digitalisierungswelle, 22.01.2020 Blog &#8211; Artikel Statustreffen vom 17.01.2020 mit DLR 29.-30.10.2019 charge4C-Vorstellung auf dem Digital X in K\u00f6ln 15.-17.10.2019 charge4C-Vorstellung auf der Messe: Emove360\u00b0 in M\u00fcnchen 02.10.2019 9. LIESA Kongress, Kongresshalle Saarbr\u00fccken 26.02.2019 charge4C-Vorstellung auf dem Immobilienkongress K\u00f6ln 29.10.2018 charge4C-Vorstellung auf [&hellip;]<\/p>\n","protected":false},"author":1,"featured_media":0,"parent":0,"menu_order":0,"comment_status":"closed","ping_status":"closed","template":"","meta":{"footnotes":""},"class_list":["post-86","page","type-page","status-publish","hentry"],"_links":{"self":[{"href":"https:\/\/charge4c.de\/index.php?rest_route=\/wp\/v2\/pages\/86","targetHints":{"allow":["GET"]}}],"collection":[{"href":"https:\/\/charge4c.de\/index.php?rest_route=\/wp\/v2\/pages"}],"about":[{"href":"https:\/\/charge4c.de\/index.php?rest_route=\/wp\/v2\/types\/page"}],"author":[{"embeddable":true,"href":"https:\/\/charge4c.de\/index.php?rest_route=\/wp\/v2\/users\/1"}],"replies":[{"embeddable":true,"href":"https:\/\/charge4c.de\/index.php?rest_route=%2Fwp%2Fv2%2Fcomments&post=86"}],"version-history":[{"count":8,"href":"https:\/\/charge4c.de\/index.php?rest_route=\/wp\/v2\/pages\/86\/revisions"}],"predecessor-version":[{"id":180,"href":"https:\/\/charge4c.de\/index.php?rest_route=\/wp\/v2\/pages\/86\/revisions\/180"}],"wp:attachment":[{"href":"https:\/\/charge4c.de\/index.php?rest_route=%2Fwp%2Fv2%2Fmedia&parent=86"}],"curies":[{"name":"wp","href":"https:\/\/api.w.org\/{rel}","templated":true}]}}

<p>17.-18.11.2020<br />
Tag der digitalen Technologien, online</p>
<p>12.05.2020<br />
Künstliche Intelligenz als Turbo für die zweite Digitalisierungswelle,</p>
<p>22.01.2020<br />
Blog &#8211; Artikel Statustreffen vom 17.01.2020 mit DLR</p>
<p><span style="display: inline !important; float: none; background-color: #ffffff; color: #444444; font-family: 'Open Sans',Helvetica,Arial,sans-serif; font-size: 100%; font-style: normal; font-variant: normal; font-weight: 400; letter-spacing: normal; orphans: 2; text-align: left; text-decoration: none; text-indent: 0px; text-transform: none; -webkit-text-stroke-width: 0px; white-space: normal; word-spacing: 0px;">29.-30.10.2019<br />
</span><span style="display: inline !important; float: none; background-color: #ffffff; color: #444444; font-family: 'Open Sans',Helvetica,Arial,sans-serif; font-size: 100%; font-style: normal; font-variant: normal; font-weight: 400; letter-spacing: normal; orphans: 2; text-align: left; text-decoration: none; text-indent: 0px; text-transform: none; -webkit-text-stroke-width: 0px; white-space: normal; word-spacing: 0px;">charge4C-Vorstellung auf dem Digital X in Köln</span></p>
<p><span style="display: inline !important; float: none; background-color: #ffffff; color: #444444; font-family: 'Open Sans',Helvetica,Arial,sans-serif; font-size: 100%; font-style: normal; font-variant: normal; font-weight: 400; letter-spacing: normal; orphans: 2; text-align: left; text-decoration: none; text-indent: 0px; text-transform: none; -webkit-text-stroke-width: 0px; white-space: normal; word-spacing: 0px;">15.-17.10.2019<br />
</span><span style="display: inline !important; float: none; background-color: #ffffff; color: #444444; font-family: 'Open Sans',Helvetica,Arial,sans-serif; font-size: 100%; font-style: normal; font-variant: normal; font-weight: 400; letter-spacing: normal; orphans: 2; text-align: left; text-decoration: none; text-indent: 0px; text-transform: none; -webkit-text-stroke-width: 0px; white-space: normal; word-spacing: 0px;">charge4C-Vorstellung auf der Messe: Emove360° in München</span></p>
<p><span style="display: inline !important; float: none; background-color: #ffffff; color: #444444; cursor: text; font-family: 'Open Sans',Helvetica,Arial,sans-serif; font-size: 14px; font-style: normal; font-variant: normal; font-weight: 400; letter-spacing: normal; orphans: 2; text-align: left; text-decoration: none; text-indent: 0px; text-transform: none; -webkit-text-stroke-width: 0px; white-space: normal; word-spacing: 0px;">02.10.2019<br />
</span><span style="display: inline !important; float: none; background-color: #ffffff; color: #444444; cursor: text; font-family: 'Open Sans',Helvetica,Arial,sans-serif; font-size: 14px; font-style: normal; font-variant: normal; font-weight: 400; letter-spacing: normal; orphans: 2; text-align: left; text-decoration: none; text-indent: 0px; text-transform: none; -webkit-text-stroke-width: 0px; white-space: normal; word-spacing: 0px;"><span style="display: inline !important; float: none; background-color: #ffffff; color: #444444; font-family: 'Open Sans',Helvetica,Arial,sans-serif; font-size: 100%; font-style: normal; font-variant: normal; font-weight: 400; letter-spacing: normal; orphans: 2; text-align: left; text-decoration: none; text-indent: 0px; text-transform: none; -webkit-text-stroke-width: 0px; white-space: normal; word-spacing: 0px;">9. LIESA Kongress, Kongresshalle Saarbrücken</span></span></p>
<p>26.02.2019<br />
<span style="display: inline !important; float: none; background-color: #ffffff; color: #444444; cursor: text; font-family: 'Open Sans',Helvetica,Arial,sans-serif; font-size: 14px; font-style: normal; font-variant: normal; font-weight: 400; letter-spacing: normal; orphans: 2; text-align: left; text-decoration: none; text-indent: 0px; text-transform: none; -webkit-text-stroke-width: 0px; white-space: normal; word-spacing: 0px;">charge4C-Vorstellung auf dem <span style="display: inline !important; float: none; background-color: #ffffff; color: #444444; font-family: 'Open Sans',Helvetica,Arial,sans-serif; font-size: 100%; font-style: normal; font-variant: normal; font-weight: 400; letter-spacing: normal; orphans: 2; text-align: left; text-decoration: none; text-indent: 0px; text-transform: none; -webkit-text-stroke-width: 0px; white-space: normal; word-spacing: 0px;">Immobilienkongress Köln</span></span></p>
<p>29.10.2018<br />
charge4C-Vorstellung auf dem 5. LIESA Kongress, Kongresshalle Saarbrücken</p>
<p>13.04.2018<br />
Enjeux pour le futur de l&#8217;énergie et de la mobilté èlectrique; CFALOR &#8211; Konferenz, Metz</p>
<p>19.03.2018<br />
charge4C-KickOff mit dem Projektträger DLR am 19. März bei den örtlichen Stadtwerken in Saarlouis.</p>

<p>17.-18.11.2020 Tag der digitalen Technologien, online 12.05.2020 Künstliche Intelligenz als Turbo für die zweite Digitalisierungswelle, 22.01.2020 Blog &#8211; Artikel Statustreffen vom 17.01.2020 mit DLR 29.-30.10.2019 charge4C-Vorstellung auf dem Digital X in Köln 15.-17.10.2019 charge4C-Vorstellung auf der Messe: Emove360° in München 02.10.2019 9. LIESA Kongress, Kongresshalle Saarbrücken 26.02.2019 charge4C-Vorstellung auf dem Immobilienkongress Köln 29.10.2018 charge4C-Vorstellung auf [&hellip;]</p>
